{"id":238,"date":"2025-05-19T11:00:16","date_gmt":"2025-05-19T09:00:16","guid":{"rendered":"http:\/\/opuscosmetics.pl\/?post_type=product&#038;p=238"},"modified":"2025-05-19T11:00:26","modified_gmt":"2025-05-19T09:00:26","slug":"balsam-do-brody","status":"publish","type":"product","link":"https:\/\/opuscosmetics.pl\/?product=balsam-do-brody","title":{"rendered":"Balsam do brody"},"content":{"rendered":"<p><strong>\u00a0Luksusowy Balsam do Brody<\/strong><\/p>\n<p>Odkryj sekret perfekcyjnej brody. Bogata formu\u0142a z mas\u0142em Shea, olejem migda\u0142owym i woskami intensywnie nawil\u017ca, ujarzmia i od\u017cywia zarost, nadaj\u0105c mu zdrowy wygl\u0105d i subtelny zapach. Poczuj luksus w ka\u017cdej aplikacji.<\/p>\n<p><strong>Kluczowe sk\u0142adniki:<\/strong> Mas\u0142o Shea, Olej Migda\u0142owy, Wosk Carnauba, Wosk Pszczeli, Olej z Nasion Arbuza, Witamina E.<\/p>\n","protected":false},"excerpt":{"rendered":"<p><strong>\u00a0Luksusowy Balsam do Brody<\/strong><\/p>\n","protected":false},"featured_media":236,"comment_status":"open","ping_status":"closed","template":"","meta":[],"product_brand":[],"product_cat":[26],"product_tag":[],"class_list":{"0":"post-238","1":"product","2":"type-product","3":"status-publish","4":"has-post-thumbnail","6":"product_cat-broda","8":"first","9":"instock","10":"shipping-taxable","11":"purchasable","12":"product-type-simple"},"jetpack_sharing_enabled":true,"_links":{"self":[{"href":"https:\/\/opuscosmetics.pl\/index.php?rest_route=\/wp\/v2\/product\/238","targetHints":{"allow":["GET"]}}],"collection":[{"href":"https:\/\/opuscosmetics.pl\/index.php?rest_route=\/wp\/v2\/product"}],"about":[{"href":"https:\/\/opuscosmetics.pl\/index.php?rest_route=\/wp\/v2\/types\/product"}],"replies":[{"embeddable":true,"href":"https:\/\/opuscosmetics.pl\/index.php?rest_route=%2Fwp%2Fv2%2Fcomments&post=238"}],"wp:featuredmedia":[{"embeddable":true,"href":"https:\/\/opuscosmetics.pl\/index.php?rest_route=\/wp\/v2\/media\/236"}],"wp:attachment":[{"href":"https:\/\/opuscosmetics.pl\/index.php?rest_route=%2Fwp%2Fv2%2Fmedia&parent=238"}],"wp:term":[{"taxonomy":"product_brand","embeddable":true,"href":"https:\/\/opuscosmetics.pl\/index.php?rest_route=%2Fwp%2Fv2%2Fproduct_brand&post=238"},{"taxonomy":"product_cat","embeddable":true,"href":"https:\/\/opuscosmetics.pl\/index.php?rest_route=%2Fwp%2Fv2%2Fproduct_cat&post=238"},{"taxonomy":"product_tag","embeddable":true,"href":"https:\/\/opuscosmetics.pl\/index.php?rest_route=%2Fwp%2Fv2%2Fproduct_tag&post=238"}],"curies":[{"name":"wp","href":"https:\/\/api.w.org\/{rel}","templated":true}]}}