{"id":232,"date":"2025-05-19T10:34:23","date_gmt":"2025-05-19T08:34:23","guid":{"rendered":"http:\/\/opuscosmetics.pl\/?post_type=product&#038;p=232"},"modified":"2025-05-19T10:39:57","modified_gmt":"2025-05-19T08:39:57","slug":"olejek-do-brody","status":"publish","type":"product","link":"https:\/\/opuscosmetics.pl\/?product=olejek-do-brody","title":{"rendered":"Olejek do brody"},"content":{"rendered":"<p><b>Otul swoj\u0105 brod\u0119 luksusem.<\/b> Ten wyrafinowany olejek, skomponowany z najcenniejszych naturalnych olej\u00f3w, zapewnia intensywne od\u017cywienie i jedwabist\u0105 mi\u0119kko\u015b\u0107. Poczuj natychmiastow\u0105 ulg\u0119 od sw\u0119dzenia i sucho\u015bci, odkrywaj\u0105c zdrowy blask i subtelny, elegancki zapach.<\/p>\n<p><b>Klucz do Wyj\u0105tkowej Piel\u0119gnacji:<\/b><\/p>\n<ul>\n<li><b>Ekskluzywna mieszanka:<\/b> Olej ze s\u0142odkich migda\u0142\u00f3w, drogocenny olej z kie\u0142k\u00f3w pszenicy, luksusowy olej jojoba i wykwintny olej z kamelii japo\u0144skiej.<\/li>\n<li><b>Wzmocnienie i blask:<\/b> Witamina E chroni i rewitalizuje, zapewniaj\u0105c zdrowy, luksusowy wygl\u0105d brody.<\/li>\n<\/ul>\n<p><b>Podaruj swojej brodzie esencj\u0119 luksusu.<\/b><\/p>\n","protected":false},"excerpt":{"rendered":"<p><b>Otul swoj\u0105 brod\u0119 luksusem.<\/b><\/p>\n","protected":false},"featured_media":210,"comment_status":"open","ping_status":"closed","template":"","meta":[],"product_brand":[],"product_cat":[26],"product_tag":[30,29],"class_list":{"0":"post-232","1":"product","2":"type-product","3":"status-publish","4":"has-post-thumbnail","6":"product_cat-broda","7":"product_tag-oil","8":"product_tag-olejek","10":"first","11":"instock","12":"shipping-taxable","13":"purchasable","14":"product-type-simple"},"jetpack_sharing_enabled":true,"_links":{"self":[{"href":"https:\/\/opuscosmetics.pl\/index.php?rest_route=\/wp\/v2\/product\/232","targetHints":{"allow":["GET"]}}],"collection":[{"href":"https:\/\/opuscosmetics.pl\/index.php?rest_route=\/wp\/v2\/product"}],"about":[{"href":"https:\/\/opuscosmetics.pl\/index.php?rest_route=\/wp\/v2\/types\/product"}],"replies":[{"embeddable":true,"href":"https:\/\/opuscosmetics.pl\/index.php?rest_route=%2Fwp%2Fv2%2Fcomments&post=232"}],"wp:featuredmedia":[{"embeddable":true,"href":"https:\/\/opuscosmetics.pl\/index.php?rest_route=\/wp\/v2\/media\/210"}],"wp:attachment":[{"href":"https:\/\/opuscosmetics.pl\/index.php?rest_route=%2Fwp%2Fv2%2Fmedia&parent=232"}],"wp:term":[{"taxonomy":"product_brand","embeddable":true,"href":"https:\/\/opuscosmetics.pl\/index.php?rest_route=%2Fwp%2Fv2%2Fproduct_brand&post=232"},{"taxonomy":"product_cat","embeddable":true,"href":"https:\/\/opuscosmetics.pl\/index.php?rest_route=%2Fwp%2Fv2%2Fproduct_cat&post=232"},{"taxonomy":"product_tag","embeddable":true,"href":"https:\/\/opuscosmetics.pl\/index.php?rest_route=%2Fwp%2Fv2%2Fproduct_tag&post=232"}],"curies":[{"name":"wp","href":"https:\/\/api.w.org\/{rel}","templated":true}]}}